uppose -k + 1239 = 6*k. What are the prime factors of k?
3, 59
Suppose -2*s = 5*r - 23, 0 = -2*r + r + 1. Suppose 3*x - s = 6. Suppose 0 = 4*w - x*i - 121, -w + i + 0 = -31. List the prime factors of w.
2, 17
Suppose 0 = -k + 3*o + 9, 2*o - 7 = k + 3*o. Let t be k/(-2)*(-16)/12. What are the prime factors of (-725)/(-10) - t/4?
73
Suppose 4*u - 5*y - 18708 = 0, 11*y - 9*y = u - 4674. What are the prime factors of u?
2, 2341
Suppose -5*x + 9*a = 4*a - 1595, a = 4*x - 1279. List the prime factors of x.
2, 5
Suppose 0*f - 3*f + 15 = 0. Suppose 4 = -5*c - 6, -2*c - 24 = -f*m. Suppose -4*p = m, -3*h - 4*p - 17 = -115. What are the prime factors of h?
2, 17
Suppose h - 138 = 2*c + 684, -4 = -h. Let o = -581 - c. What are the prime factors of (-1)/(4 + 692/o)?
43
Let d be 2/(1 + -3) - (-2 + 1). List the prime factors of 0 - (d - 3) - -7.
2, 5
Let y(t) = -t**2 - 27*t - 50. Let s be y(-18). Suppose 91 = v - 4*r, -2*v - 2*r + s + 30 = 0. What are the prime factors of v?
3, 5
Suppose l - 3*w = -4*l + 394, -3*l - w = -242. Suppose -5*b + l = -5*c, -3*b = 2*c - 41 - 7. Let x = b - -5. What are the prime factors of x?
3, 7
Let j = -92 + 234. Suppose -4*l = 5*q - 121, -5*l + 2*q + q + j = 0. What are the prime factors of l?
29
Let y = -1243 + 5116. What are the prime factors of y?
3, 1291
Let j = -32 - -30. What are the prime factors of (j/(-5))/((-10)/(-1200))?
2, 3
Let o = 214 - -78. Let m = 428 - o. What are the prime factors of m?
2, 17
Let c(q) = -5 + 5 + 2 - q + 10*q**2. List the prime factors of c(3).
89
Let l = -157 - -671. List the prime factors of l.
2, 257
Let r be 20/30 + 2/(-3). Suppose r*s + s = 35. List the prime factors of (-4)/(-14) + 725/s.
3, 7
Suppose 15 = -0*h + 3*h. Let t = h + -3. Suppose -t*p = -6*p + 60. What are the prime factors of p?
3, 5
Let r(p) = 63*p + 65. What are the prime factors of r(4)?
317
Let w(b) = 3*b - 6. Let o be w(4). Suppose 4*v + 2*i = 2, 0 = -2*v + i + 5 + o. Suppose 135 = v*h + 2*h. What are the prime factors of h?
3
Suppose 34 = -m + 3*m + 5*p, -3*p = -4*m + 42. Suppose 235 - 1519 = -m*s. What are the prime factors of s?
107
Suppose 0 = -3*z - 17*z + 5020. List the prime factors of z.
251
Let k be ((-51)/(-3))/(3/(16 + -1)). Let o = 107 - k. List the prime factors of o.
2, 11
Let l(k) = 570*k**2 + 11*k - 10. What are the prime factors of l(1)?
571
Let v = 1221 + -811. What are the prime factors of v?
2, 5, 41
Let a be 3*66/12*(-8)/(-3). What are the prime factors of (-45)/(-22)*4 - 8/a?
2
Let r(z) = -z**3 + 15*z**2 - 17*z + 22. List the prime factors of r(9).
5, 71
What are the prime factors of -28*865/40*(-6 - -2)?
2, 7, 173
Let v(q) = 14*q**3 + 6*q**2 + 3*q - 3. What are the prime factors of v(3)?
2, 3, 73
Suppose 0 = -19*k + 18*k + 3*w + 458, 5*k - 2350 = 3*w. What are the prime factors of k?
11, 43
Suppose -20*w - 32875 = -45*w. List the prime factors of w.
5, 263
Let f = 2533 + -991. List the prime factors of f.
2, 3, 257
Suppose -5*s + 731 = -4194. List the prime factors of s.
5, 197
Suppose 4*z = -p + 9, 5*p = -z + 3*z - 21. Suppose 3*h - x = 135, -23 = h - z*x - 76. What are the prime factors of h?
2, 11
Suppose -u = -6*u + 20. Suppose u*d + 36 - 52 = 0. What are the prime factors of d?
2
Let l(w) = -6*w - 37. Let d be l(-7). Suppose -30 + 10 = d*j, t = 4*j + 76. What are the prime factors of t?
2, 3, 5
Let y be (66/(-4))/((-1)/(-16)). What are the prime factors of (-7 - -5 - y) + 1 + 2?
5, 53
List the prime factors of (8/16)/((-1)/(-1252)).
2, 313
Let j be (8/6)/((-4)/(-12)). Let t be (j - 7)*49/(-3). Suppose -3*l = -3*c + 48, -7*l - t = -3*c - 3*l. What are the prime factors of c?
3, 5
Suppose -2*a - 1 = -l - 0*a, 5*l = -2*a + 29. Suppose 4*q - 94 - l = -r, q = 4*r - 328. What are the prime factors of r?
83
Let a be (-2)/(-7) + (-2)/7. Let l(u) = u**3 - u**2 + u + 66. Let g be l(a). Suppose 0 = -4*n + 2*f + 216, n + 3 = -4*f + g. What are the prime factors of n?
5, 11
Let a = -2 + 50. Suppose 2*t - 68 - a = 0. List the prime factors of t.
2, 29
Let c = -8 + 12. Suppose c*q = 5*d - 3, 4*d - 6*d = -5*q - 8. List the prime factors of (-2)/((-9)/4 - q).
2
Suppose 4*q - 28 = y - 3*y, -10 = y - 4*q. Let g be -1 + y/(-3) + 5. List the prime factors of 5*(g + (-36)/(-20)).
19
Let h = -257 + 423. Let k be (0 + h)/(1/(-3)). What are the prime factors of k/(-54) + 4/(-18)?
3
Suppose 1765 = 2*c + 3*t, 0 = -2*c - t - t + 1766. What are the prime factors of c?
2, 13, 17
What are the prime factors of 20013/147 + (-2)/14?
2, 17
Suppose -3*t + 210 = 5*l, -4*t - 2 = l - 27. Let j be (-3 - -4)/(1/l). Suppose 17 = y - 3*h, y = 4*y - 3*h - j. List the prime factors of y.
2, 7
Suppose -n + 5 = -v + 2*n, -4*v + 5*n + 1 = 0. Let f = -103 - -208. Suppose t = -v*t + f. What are the prime factors of t?
3, 7
Suppose -5*d = 132 - 27. Let b be 6/d - (-244)/(-28). What are the prime factors of (2/3)/(b/(-108))?
2
Let a = -418 - -270. Let w = 71 - a. List the prime factors of w.
3, 73
Let f(h) = 1056*h - 654. List the prime factors of f(6).
2, 3, 947
Let u(m) be the third derivative of -m**6/120 - 19*m**5/120 - m**4/3 - 11*m**2. Let d(q) be the second derivative of u(q). What are the prime factors of d(-14)?
5, 13
Let b(k) = k**3 + 11*k**2 + 7*k - 23. Let w be b(-10). Suppose 3*l - 121 = -i, i + l - w = 122. List the prime factors of i.
7, 19
Let t(g) = g**3 + g**2 - 3*g + 5. Let m be t(-3). What are the prime factors of 9 + -1 + 1 + m?
5
Let p = 180 - -1619. What are the prime factors of p?
7, 257
Let w(s) = 162*s**2 - 2*s + 4. Let h = 56 - 55. List the prime factors of w(h).
2, 41
Suppose 2*c = 5*c - 3015. What are the prime factors of c?
3, 5, 67
Suppose 3*k - 17 = 2*y, 0*y + 55 = 5*k + 2*y. Let o = 18 - k. Suppose -9 - o = -c. List the prime factors of c.
2, 3
Suppose 0 = -4*c + 2*c + 2. Let j be (9/(-3) + 64)*c. Let y = j + -21. List the prime factors of y.
2, 5
Let i(w) = -w**2 - 14*w - 7. Let n be i(-10). List the prime factors of (0 - -6)*242/n.
2, 11
Let j(d) = 10*d**2 + d**3 - 11*d - d - 3*d**2 + 3*d**2 + 5. List the prime factors of j(-11).
2
Let n = 52 + -34. Let l = -11 + n. What are the prime factors of 157/l + (-3)/7?
2, 11
Let z = -1 - -3. Suppose 2*l + z*k = -k - 19, -14 = 2*l + 2*k. List the prime factors of (5 + l)/(3/17).
17
Let a = -431 - -903. What are the prime factors of a?
2, 59
What are the prime factors of (-7)/14*(-13046)/11?
593
Suppose 4*h + 0*h = 428. Suppose 15*l = 10*l + 75. Suppose -3*z = l, -2*x - x + h = -z. What are the prime factors of x?
2, 17
Let g(c) = -38*c**3 - c**2 + 2*c + 4. Let p be g(-2). Suppose -d - s = -91, -5*d - s + 159 + p = 0. What are the prime factors of d?
2, 23
Let p be ((-1)/(-5))/((-6)/(-210)). Let f(s) = -s**2 + 8*s + 1. What are the prime factors of f(p)?
2
Let b(j) = j**3 - 7*j**2 + 8*j + 3. Let a be b(6). Let x = 24 - a. Let w = x - 1. List the prime factors of w.
2
Let z(c) = c**2 - 2*c + 1. Let u be z(3). Suppose 5*i + 0*d - 23 = -2*d, 3*i - 25 = -u*d. List the prime factors of i.
3
Let w = 82 - -68. Let m be (4 - (3 - 2))/1. Suppose 2*a = -m*a + w. What are the prime factors of a?
2, 3, 5
Suppose 2*z - 5*z = 48. Let b(c) = -c**2 - 21*c + 6. List the prime factors of b(z).
2, 43
Suppose 1202 = 28*w - 26*w. Suppose 183 = 4*y - w. List the prime factors of y.
2, 7
Let u = -11 - -8. Let l be 47 + (u/1)/(-1). Let o = -21 + l. What are the prime factors of o?
29
Suppose -2*j = 5*c - 2, -12*c + 4*j + 24 = -8*c. Let x(y) = 21*y**3 - y. List the prime factors of x(c).
2, 83
Let k(u) = -34*u. Let h be 1 + 0 - (9 + -5). What are the prime factors of k(h)?
2, 3, 17
Suppose 4*q - 2892 = -4*g, 8 + 4 = 3*q. What are the prime factors of g?
719
Let t(i) = -11*i - 42. Let b be t(-4). Suppose 3*p + 27 = 5*g, -g - 3*p = -0*p + 9. Suppose -b*f - 8 = -g*f. List the prime factors of f.
2
Let r = -298 - -588. List the prime factors of r.
2, 5, 29
Suppose -47*t + 772 = -43*t. List the prime factors of t.
193
Let w(a) = -a**3 - 8*a**2 + 3*a - 18. Let n(k) = 7*k + 19. Let v be n(-4). List the prime factors of w(v).
2, 3
Suppose 4824 - 1979 = -5*j. Let g = -385 - j. What are the prime factors of g?
2, 23
Suppose -25*n + 12269 = -15731. List the prime factors of n.
2, 5, 7
Suppose -1566 = -6*s + 2226. List the prime factors of s.
2, 79
Let k = -23 + 30. Suppose k*f - 147 = -0*f. List the 